{"id":43,"date":"2018-12-29T19:31:25","date_gmt":"2018-12-29T19:31:25","guid":{"rendered":"http:\/\/imkerei-herweck.de\/?page_id=43"},"modified":"2022-12-19T11:26:10","modified_gmt":"2022-12-19T11:26:10","slug":"produkte","status":"publish","type":"page","link":"https:\/\/imkerei-herweck.de\/?page_id=43","title":{"rendered":"Produkte"},"content":{"rendered":"\t\t<div data-elementor-type=\"wp-page\" data-elementor-id=\"43\" class=\"elementor elementor-43\">\n\t\t\t\t\t\t<section class=\"elementor-section elementor-top-section elementor-element elementor-element-78bdd93 elementor-section-boxed elementor-section-height-default elementor-section-height-default\" data-id=\"78bdd93\" data-element_type=\"section\">\n\t\t\t\t\t\t<div class=\"elementor-container elementor-column-gap-default\">\n\t\t\t\t\t<div class=\"elementor-column elementor-col-100 elementor-top-column elementor-element elementor-element-b9c75f8\" data-id=\"b9c75f8\" data-element_type=\"column\">\n\t\t\t<div class=\"elementor-widget-wrap elementor-element-populated\">\n\t\t\t\t\t\t<div class=\"elementor-element elementor-element-1c37167 elementor-widget elementor-widget-heading\" data-id=\"1c37167\" data-element_type=\"widget\" data-widget_type=\"heading.default\">\n\t\t\t\t<div class=\"elementor-widget-container\">\n\t\t\t<h2 class=\"elementor-heading-title elementor-size-xxl\">Pr\u00fcfbefund f\u00fcr Honig<\/h2>\t\t<\/div>\n\t\t\t\t<\/div>\n\t\t\t\t\t<\/div>\n\t\t<\/div>\n\t\t\t\t\t<\/div>\n\t\t<\/section>\n\t\t\t\t<section class=\"elementor-section elementor-top-section elementor-element elementor-element-63c89db elementor-section-boxed elementor-section-height-default elementor-section-height-default\" data-id=\"63c89db\" data-element_type=\"section\">\n\t\t\t\t\t\t<div class=\"elementor-container elementor-column-gap-default\">\n\t\t\t\t\t<div class=\"elementor-column elementor-col-100 elementor-top-column elementor-element elementor-element-8d70d93\" data-id=\"8d70d93\" data-element_type=\"column\">\n\t\t\t<div class=\"elementor-widget-wrap elementor-element-populated\">\n\t\t\t\t\t\t<div class=\"elementor-element elementor-element-9243d8e elementor-widget elementor-widget-image\" data-id=\"9243d8e\" data-element_type=\"widget\" data-widget_type=\"image.default\">\n\t\t\t\t<div class=\"elementor-widget-container\">\n\t\t\t\t\t\t\t\t\t\t\t\t\t<img fetchpriority=\"high\" decoding=\"async\" width=\"724\" height=\"1024\" src=\"https:\/\/imkerei-herweck.de\/wp-content\/uploads\/2022\/12\/Pruefbefund-08-2022-001-724x1024.jpg\" class=\"attachment-large size-large wp-image-733\" alt=\"\" srcset=\"https:\/\/imkerei-herweck.de\/wp-content\/uploads\/2022\/12\/Pruefbefund-08-2022-001-724x1024.jpg 724w, https:\/\/imkerei-herweck.de\/wp-content\/uploads\/2022\/12\/Pruefbefund-08-2022-001-212x300.jpg 212w, https:\/\/imkerei-herweck.de\/wp-content\/uploads\/2022\/12\/Pruefbefund-08-2022-001-768x1086.jpg 768w, https:\/\/imkerei-herweck.de\/wp-content\/uploads\/2022\/12\/Pruefbefund-08-2022-001-1086x1536.jpg 1086w, https:\/\/imkerei-herweck.de\/wp-content\/uploads\/2022\/12\/Pruefbefund-08-2022-001.jpg 1240w\" sizes=\"(max-width: 724px) 100vw, 724px\" \/>\t\t\t\t\t\t\t\t\t\t\t\t\t<\/div>\n\t\t\t\t<\/div>\n\t\t\t\t\t<\/div>\n\t\t<\/div>\n\t\t\t\t\t<\/div>\n\t\t<\/section>\n\t\t\t\t<section class=\"elementor-section elementor-top-section elementor-element elementor-element-351b9fe2 elementor-section-boxed elementor-section-height-default elementor-section-height-default\" data-id=\"351b9fe2\" data-element_type=\"section\">\n\t\t\t\t\t\t<div class=\"elementor-container elementor-column-gap-default\">\n\t\t\t\t\t<div class=\"elementor-column elementor-col-100 elementor-top-column elementor-element elementor-element-12ab4bf6\" data-id=\"12ab4bf6\" data-element_type=\"column\">\n\t\t\t<div class=\"elementor-widget-wrap elementor-element-populated\">\n\t\t\t\t\t\t<div class=\"elementor-element elementor-element-20dc0739 elementor-widget elementor-widget-text-editor\" data-id=\"20dc0739\" data-element_type=\"widget\" data-widget_type=\"text-editor.default\">\n\t\t\t\t<div class=\"elementor-widget-container\">\n\t\t\t\t\t\t\t<p style=\"text-align: center;\"><strong>Bl\u00fctenhonig 500g<br \/><\/strong><\/p>\n<p style=\"text-align: center;\"><img decoding=\"async\" class=\"wp-image-51 aligncenter\" src=\"https:\/\/imkerei-herweck.de\/wp-content\/uploads\/2018\/12\/PICT3285-300x225.jpg\" alt=\"\" width=\"440\" height=\"330\" srcset=\"https:\/\/imkerei-herweck.de\/wp-content\/uploads\/2018\/12\/PICT3285-300x225.jpg 300w, https:\/\/imkerei-herweck.de\/wp-content\/uploads\/2018\/12\/PICT3285.jpg 320w\" sizes=\"(max-width: 440px) 100vw, 440px\" \/><\/p>\n<p style=\"text-align: center;\"><strong>Edelkastanienhonig 500g<br \/><\/strong><\/p>\n<p style=\"text-align: center;\"><img decoding=\"async\" class=\"wp-image-54 aligncenter\" src=\"https:\/\/imkerei-herweck.de\/wp-content\/uploads\/2018\/12\/PICT3290-300x225.jpg\" alt=\"\" width=\"440\" height=\"330\" srcset=\"https:\/\/imkerei-herweck.de\/wp-content\/uploads\/2018\/12\/PICT3290-300x225.jpg 300w, https:\/\/imkerei-herweck.de\/wp-content\/uploads\/2018\/12\/PICT3290.jpg 320w\" sizes=\"(max-width: 440px) 100vw, 440px\" \/><\/p>\n<p style=\"text-align: center;\"><strong>Waldbl\u00fctenhonig 500g<br \/><\/strong><\/p>\n<p style=\"text-align: center;\"><img decoding=\"async\" class=\"wp-image-51 aligncenter\" src=\"https:\/\/imkerei-herweck.de\/wp-content\/uploads\/2018\/12\/PICT3285-300x225.jpg\" alt=\"\" width=\"440\" height=\"330\" srcset=\"https:\/\/imkerei-herweck.de\/wp-content\/uploads\/2018\/12\/PICT3285-300x225.jpg 300w, https:\/\/imkerei-herweck.de\/wp-content\/uploads\/2018\/12\/PICT3285.jpg 320w\" sizes=\"(max-width: 440px) 100vw, 440px\" \/><\/p>\n<p style=\"text-align: center;\"><strong>\u00a0&#8222;Zellertal aktiv&#8220; Honig 250g<br \/><\/strong><\/p>\n<p style=\"text-align: center;\"><img loading=\"lazy\" decoding=\"async\" class=\"wp-image-58 aligncenter\" src=\"https:\/\/imkerei-herweck.de\/wp-content\/uploads\/2018\/12\/PICT3292-300x225.jpg\" alt=\"\" width=\"440\" height=\"330\" srcset=\"https:\/\/imkerei-herweck.de\/wp-content\/uploads\/2018\/12\/PICT3292-300x225.jpg 300w, https:\/\/imkerei-herweck.de\/wp-content\/uploads\/2018\/12\/PICT3292.jpg 320w\" sizes=\"(max-width: 440px) 100vw, 440px\" \/><\/p>\n\n<!-- wp:heading {\"level\":3,\"align\":\"center\"} -->\n<h3 style=\"text-align:center\">Zellertaler Honig gibt es bei:   <a href=\"https:\/\/imkerei-herweck.de\/?page_id=22\" target=\"_blank\" rel=\"noreferrer noopener\" aria-label=\" (\u00f6ffnet in neuem Tab)\">Siehe Links<\/a> <\/h3>\n<!-- \/wp:heading -->\n\n<!-- wp:heading {\"level\":1,\"align\":\"left\"} -->\n<h1 style=\"text-align:left\"><strong>Honig aus dem Zellertal in aller Welt!<\/strong><\/h1>\n<!-- \/wp:heading -->\n\n<!-- wp:media-text {\"mediaId\":96,\"mediaType\":\"image\",\"mediaWidth\":68} -->\n<div class=\"wp-block-media-text alignwide\" style=\"grid-template-columns:68% auto\"><figure class=\"wp-block-media-text__media\"><img loading=\"lazy\" decoding=\"async\" width=\"408\" height=\"306\" src=\"https:\/\/imkerei-herweck.de\/wp-content\/uploads\/2018\/12\/Japan.jpg\" alt=\"\" class=\"wp-image-96\" srcset=\"https:\/\/imkerei-herweck.de\/wp-content\/uploads\/2018\/12\/Japan.jpg 408w, https:\/\/imkerei-herweck.de\/wp-content\/uploads\/2018\/12\/Japan-300x225.jpg 300w\" sizes=\"(max-width: 408px) 100vw, 408px\" \/><\/figure><div class=\"wp-block-media-text__content\"><!-- wp:heading {\"level\":4} -->\n<h4><strong>Zellertalhonig in Japan<\/strong><\/h4>\n<!-- \/wp:heading -->\n\n<!-- wp:paragraph -->\n<p><\/p>\n<!-- \/wp:paragraph --><\/div><\/div>\n<!-- \/wp:media-text -->\n\n<!-- wp:paragraph -->\n<p><\/p>\n<!-- \/wp:paragraph -->\n\n<!-- wp:media-text {\"mediaId\":102,\"mediaType\":\"image\",\"mediaWidth\":68} -->\n<div class=\"wp-block-media-text alignwide\" style=\"grid-template-columns:68% auto\"><figure class=\"wp-block-media-text__media\"><img loading=\"lazy\" decoding=\"async\" width=\"816\" height=\"612\" src=\"https:\/\/imkerei-herweck.de\/wp-content\/uploads\/2018\/12\/Canada-1.jpg\" alt=\"\" class=\"wp-image-102\" srcset=\"https:\/\/imkerei-herweck.de\/wp-content\/uploads\/2018\/12\/Canada-1.jpg 816w, https:\/\/imkerei-herweck.de\/wp-content\/uploads\/2018\/12\/Canada-1-300x225.jpg 300w, https:\/\/imkerei-herweck.de\/wp-content\/uploads\/2018\/12\/Canada-1-768x576.jpg 768w\" sizes=\"(max-width: 816px) 100vw, 816px\" \/><\/figure><div class=\"wp-block-media-text__content\"><!-- wp:heading {\"level\":4} -->\n<h4><strong>Zellertalhonig in Canada<\/strong><\/h4>\n<!-- \/wp:heading --><\/div><\/div>\n<!-- \/wp:media-text -->\n\n<!-- wp:paragraph -->\n<p><\/p>\n<!-- \/wp:paragraph -->\n\n<!-- wp:media-text {\"mediaId\":107,\"mediaType\":\"image\",\"mediaWidth\":68} -->\n<div class=\"wp-block-media-text alignwide\" style=\"grid-template-columns:68% auto\"><figure class=\"wp-block-media-text__media\"><img loading=\"lazy\" decoding=\"async\" width=\"320\" height=\"240\" src=\"https:\/\/imkerei-herweck.de\/wp-content\/uploads\/2018\/12\/Afrika.jpg\" alt=\"\" class=\"wp-image-107\" srcset=\"https:\/\/imkerei-herweck.de\/wp-content\/uploads\/2018\/12\/Afrika.jpg 320w, https:\/\/imkerei-herweck.de\/wp-content\/uploads\/2018\/12\/Afrika-300x225.jpg 300w\" sizes=\"(max-width: 320px) 100vw, 320px\" \/><\/figure><div class=\"wp-block-media-text__content\"><!-- wp:heading {\"level\":4} -->\n<h4><strong>Zellertalhonig in S\u00fcdafrika<\/strong><\/h4>\n<!-- \/wp:heading --><\/div><\/div>\n<!-- \/wp:media-text -->\t\t\t\t\t\t<\/div>\n\t\t\t\t<\/div>\n\t\t\t\t\t<\/div>\n\t\t<\/div>\n\t\t\t\t\t<\/div>\n\t\t<\/section>\n\t\t\t\t<\/div>\n\t\t","protected":false},"excerpt":{"rendered":"<p>Pr\u00fcfbefund f\u00fcr Honig Bl\u00fctenhonig 500g Edelkastanienhonig 500g Waldbl\u00fctenhonig 500g \u00a0&#8222;Zellertal aktiv&#8220; Honig 250g Zellertaler Honig gibt es bei: Siehe Links Honig aus dem Zellertal in aller Welt! Zellertalhonig in Japan Zellertalhonig in Canada Zellertalhonig in&#8230;<\/p>\n","protected":false},"author":3,"featured_media":0,"parent":0,"menu_order":0,"comment_status":"closed","ping_status":"closed","template":"page-full.php","meta":[],"_links":{"self":[{"href":"https:\/\/imkerei-herweck.de\/index.php?rest_route=\/wp\/v2\/pages\/43"}],"collection":[{"href":"https:\/\/imkerei-herweck.de\/index.php?rest_route=\/wp\/v2\/pages"}],"about":[{"href":"https:\/\/imkerei-herweck.de\/index.php?rest_route=\/wp\/v2\/types\/page"}],"author":[{"embeddable":true,"href":"https:\/\/imkerei-herweck.de\/index.php?rest_route=\/wp\/v2\/users\/3"}],"replies":[{"embeddable":true,"href":"https:\/\/imkerei-herweck.de\/index.php?rest_route=%2Fwp%2Fv2%2Fcomments&post=43"}],"version-history":[{"count":35,"href":"https:\/\/imkerei-herweck.de\/index.php?rest_route=\/wp\/v2\/pages\/43\/revisions"}],"predecessor-version":[{"id":736,"href":"https:\/\/imkerei-herweck.de\/index.php?rest_route=\/wp\/v2\/pages\/43\/revisions\/736"}],"wp:attachment":[{"href":"https:\/\/imkerei-herweck.de\/index.php?rest_route=%2Fwp%2Fv2%2Fmedia&parent=43"}],"curies":[{"name":"wp","href":"https:\/\/api.w.org\/{rel}","templated":true}]}}