{"id":286,"date":"2019-01-01T20:33:55","date_gmt":"2019-01-01T20:33:55","guid":{"rendered":"http:\/\/imkerei-herweck.de\/?page_id=286"},"modified":"2019-01-04T07:38:08","modified_gmt":"2019-01-04T07:38:08","slug":"datenschutzerklaerung","status":"publish","type":"page","link":"https:\/\/imkerei-herweck.de\/?page_id=286","title":{"rendered":"Datenschutzerkl\u00e4rung"},"content":{"rendered":"\n<p><strong>Datenschutzerkl\u00e4rung DSGVO<\/strong><\/p>\n\n\n\n<p><strong>F\u00fcr uns als Anbieter dieser Website,<\/strong><\/p>\n\n\n\n<p><strong>Imkerei Herweck<\/strong><\/p>\n\n\n\n<p><strong>Gunter Herweck<\/strong><\/p>\n\n\n\n<p><strong>Im Kirschgarten 6<\/strong><\/p>\n\n\n\n<p><strong>67308 Zellertal <\/strong><\/p>\n\n\n\n<p><strong>Telefon: 06355\/423420 <\/strong><\/p>\n\n\n\n<p><strong>Handy-Nr.: 01522 8975490<\/strong><\/p>\n\n\n\n<p><strong>E-Mail: Zellertal@Imkerei-Herweck.de<\/strong> <\/p>\n\n\n\n<p>sind Daten\nVertrauenssache, und wir nehmen den Schutz Ihrer Daten sehr ernst.<\/p>\n\n\n\n<p>Neben dem\nBundesdatenschutzgesetz enth\u00e4lt die Datenschutz-Grundverordnung (DSGVO) neue Vorschriften\nf\u00fcr die Verarbeitung personenbezogener Daten in Europa. Wir kommen diesen\nVer\u00e4nderungen selbstverst\u00e4ndlich nach und haben entsprechend unsere Website und\ndie nachfolgenden Datenschutzbestimmungen angepasst. Auch wenn von Ihrer Seite\nkein Handlungsbedarf besteht, m\u00f6chten wir Sie dennoch auf unsere Ma\u00dfnahmen zum\nDatenschutz hinweisen.<\/p>\n\n\n\n<p><strong>Welche Daten sammeln wir und warum?<\/strong><\/p>\n\n\n\n<p>Die von uns\ngesammelten personenbezogenen Daten beschr\u00e4nken sich auf ein Minimum und werden\nausschlie\u00dflich im Rahmen gesetzlicher Vorschriften genutzt, aufbewahrt und\narchiviert.<\/p>\n\n\n\n<p><strong>Kontaktdaten <\/strong><\/p>\n\n\n\n<p>Kommunikation \u00fcber E-Mail kann Sicherheitsl\u00fccken aufweisen.\nBeispielsweise k\u00f6nnen E-Mails auf ihrem Weg an uns von versierten\nInternet-Nutzern aufgehalten und eingesehen werden. Sollten wir eine E-Mail von\nIhnen erhalten, so gehen wir davon aus, dass wir zu einer Beantwortung per\nE-Mail berechtigt sind. Ansonsten m\u00fcssen Sie ausdr\u00fccklich auf eine andere Art\nder Kommunikation verweisen. <\/p>\n\n\n\n<p>Um Ihre Anfrage\/Auftr\u00e4ge zu bearbeiten ben\u00f6tigen wir Ihre Kontaktdaten, die Sie uns selbst mitteilen. Diese k\u00f6nnen sein:<\/p>\n\n\n\n<ul><li>Name, Vorname, <\/li><li>Wohnungsanschrift<\/li><li>eMail-Adresse\/n<\/li><li>Telefonnummer\/n<\/li><li>Sonstige<\/li><li>F\u00fcr alle personenbezogene Daten, die uns von Ihnen ausdr\u00fccklich mitgeteilt wurden, k\u00f6nnen Sie die L\u00f6schung der Notizen verlangen. Wenn dies gew\u00fcnscht wird, teilen Sie uns dies bitte mit. <\/li><\/ul>\n\n\n\n<p class=\"has-small-font-size\"><\/p>\n\n\n\n<p><strong>Einsatz von Cookies<\/strong><\/p>\n\n\n\n<p>Auf unseren Webseiten verwenden wir in der Regel keine\nCookies. Nur in Ausnahmef\u00e4llen werden sogenannte Session-Cookies eingesetzt,\ndie Daten zur technischen Sitzungssteuerung im Speicher Ihres Browsers ablegen.\nDiese Daten sind nicht personenbezogen und werden sp\u00e4testens mit dem Schlie\u00dfen\nIhres Browsers gel\u00f6scht. Des Weiteren weisen wir darauf hin, dass Browser in\nder Regel \u00fcber Funktionen zur Verwaltung von Cookies verf\u00fcgen.<\/p>\n\n\n\n<p class=\"has-small-font-size\"><\/p>\n\n\n\n<p><strong>Rechtliche Grundlagen<\/strong><\/p>\n\n\n\n<p>Die rechtlichen Grundlagen des Datenschutzes finden sich im Bundesdatenschutzgesetz\n(BDSG), &nbsp;in der EU-Datenschutzgrundverordnung (EU-DSGVO) und dem dem\nTelemediengesetz (TMG).<\/p>\n\n\n\n<p>Auf unserer Website werden keine personenbezogenen Daten gesammelt. Die gezeigten Bilder entsprechen den presserechtlichen Bestimmungen.<\/p>\n\n\n\n<p>Wenn Sie\nweitere Informationen zu Ihren Daten m\u00f6chten teilen wir Ihnen diese gerne auf\nAnfrage kostenlos mit.<\/p>\n\n\n\n<p><strong>Bitte\nbeachten Sie:<\/strong><\/p>\n\n\n\n<p>\u201cAbsolute Sicherheit\u201d gibt es nirgends, weder beim Schutz von Daten noch beim Versuch, alle datenschutzrechtlichen Bestimmungen einzuhalten. Wir sind daher \u00fcber jeden Hinweis, unsere Leistungen weiterhin zu verbessern, dankbar. Wir werden jedem Hinweis nachgehen, pr\u00fcfen und die daraus resultierenden Schritte einleiten.<\/p>\n\n\n\n<p> <\/p>\n","protected":false},"excerpt":{"rendered":"<p>Datenschutzerkl\u00e4rung DSGVO F\u00fcr uns als Anbieter dieser Website, Imkerei Herweck Gunter Herweck Im Kirschgarten 6 67308 Zellertal Telefon: 06355\/423420 Handy-Nr.: 01522 8975490 E-Mail: Zellertal@Imkerei-Herweck.de sind Daten Vertrauenssache, und wir nehmen den Schutz Ihrer Daten sehr&#8230;<\/p>\n","protected":false},"author":3,"featured_media":0,"parent":0,"menu_order":0,"comment_status":"closed","ping_status":"closed","template":"","meta":[],"_links":{"self":[{"href":"https:\/\/imkerei-herweck.de\/index.php?rest_route=\/wp\/v2\/pages\/286"}],"collection":[{"href":"https:\/\/imkerei-herweck.de\/index.php?rest_route=\/wp\/v2\/pages"}],"about":[{"href":"https:\/\/imkerei-herweck.de\/index.php?rest_route=\/wp\/v2\/types\/page"}],"author":[{"embeddable":true,"href":"https:\/\/imkerei-herweck.de\/index.php?rest_route=\/wp\/v2\/users\/3"}],"replies":[{"embeddable":true,"href":"https:\/\/imkerei-herweck.de\/index.php?rest_route=%2Fwp%2Fv2%2Fcomments&post=286"}],"version-history":[{"count":9,"href":"https:\/\/imkerei-herweck.de\/index.php?rest_route=\/wp\/v2\/pages\/286\/revisions"}],"predecessor-version":[{"id":374,"href":"https:\/\/imkerei-herweck.de\/index.php?rest_route=\/wp\/v2\/pages\/286\/revisions\/374"}],"wp:attachment":[{"href":"https:\/\/imkerei-herweck.de\/index.php?rest_route=%2Fwp%2Fv2%2Fmedia&parent=286"}],"curies":[{"name":"wp","href":"https:\/\/api.w.org\/{rel}","templated":true}]}}